digit of 22165554?
2
What is the hundred thousands digit of 2138012?
1
What is the units digit of 622938?
8
What is the hundred thousands digit of 500891?
5
What is the hundreds digit of 276521?
5
What is the thousands digit of 17679260?
9
What is the tens digit of 4758283?
8
What is the hundred thousands digit of 3815053?
8
What is the hundred thousands digit of 705625?
7
What is the units digit of 26934899?
9
What is the ten thousands digit of 85704?
8
What is the ten thousands digit of 584470?
8
What is the thousands digit of 2029012?
9
What is the ten thousands digit of 4521914?
2
What is the tens digit of 33419?
1
What is the millions digit of 2220282?
2
What is the units digit of 1510646?
6
What is the hundreds digit of 19176?
1
What is the hundreds digit of 7396611?
6
What is the tens digit of 5621829?
2
What is the units digit of 808219?
9
What is the hundreds digit of 2781628?
6
What is the units digit of 839799?
9
What is the ten thousands digit of 67706?
6
What is the ten thousands digit of 22336367?
3
What is the units digit of 292913?
3
What is the tens digit of 395905?
0
What is the hundreds digit of 1840677?
6
What is the hundreds digit of 13223897?
8
What is the thousands digit of 9115485?
5
What is the hundred thousands digit of 4427797?
4
What is the units digit of 585335?
5
What is the units digit of 4317072?
2
What is the tens digit of 408208?
0
What is the thousands digit of 512925?
2
What is the thousands digit of 845836?
5
What is the hundred thousands digit of 8662896?
6
What is the ten thousands digit of 7933128?
3
What is the tens digit of 31502703?
0
What is the thousands digit of 15074?
5
What is the hundred thousands digit of 13063607?
0
What is the hundreds digit of 97836?
8
What is the ten thousands digit of 24628967?
2
What is the ten millions digit of 21802051?
2
What is the millions digit of 1020622?
1
What is the ten thousands digit of 219230?
1
What is the hundreds digit of 6000735?
7
What is the ten thousands digit of 4184805?
8
What is the tens digit of 6964294?
9
What is the ten thousands digit of 308019?
0
What is the tens digit of 844690?
9
What is the hundreds digit of 1841768?
7
What is the thousands digit of 1236350?
6
What is the ten thousands digit of 151242?
5
What is the hundreds digit of 11411486?
4
What is the ten thousands digit of 1537652?
3
What is the thousands digit of 11049?
1
What is the tens digit of 707414?
1
What is the hundred thousands digit of 9160994?
1
What is the hundred thousands digit of 477816?
4
What is the hundred thousands digit of 1345843?
3
What is the ten thousands digit of 2753731?
5
What is the thousands digit of 5261707?
1
What is the ten thousands digit of 4158516?
5
What is the millions digit of 20525022?
0
What is the hundred thousands digit of 561522?
5
What is the ten thousands digit of 3488468?
8
What is the ten thousands digit of 34510188?
1
What is the hundreds digit of 260962?
9
What is the ten thousands digit of 59439?
5
What is the ten thousands digit of 113015?
1
What is the tens digit of 1111099?
9
What is the thousands digit of 919617?
9
What is the hundreds digit of 230703?
7
What is the hundreds digit of 363465?
4
What is the units digit of 6887110?
0
What is the millions digit of 5029013?
5
What is the hundred thousands digit of 1617616?
6
What is the millions digit of 4685202?
4
What is the thousands digit of 164860?
4
What is the thousands digit of 289779?
9
What is the tens digit of 122177?
7
What is the units digit of 85150?
0
What is the ten thousands digit of 667342?
6
What is the thousands digit of 2830915?
0
What is the hundred thousands digit of 308302?
3
What is the ten thousands digit of 998899?
9
What is the tens digit of 9354125?
2
What is the millions digit of 35056035?
5
What is the thousands digit of 3298124?
8
What is the millions digit of 25941764?
5
What is the ten thousands digit of 20964078?
6
What is the thousands digit of 15351691?
1
What is the thousands digit of 970498?
0
What is the hundreds digit of 2532981?
9
What is the ten thousands digit of 124596?
2
What is the hundred thousands digit of 1589619?
5
What is the hundred thousands digit of 7418097?
4
What is the thousands digit of 769599?
9
What is the hundreds digit of 4420064?
0
What is the tens digit of 3393037?
3
What is the ten thousands digit of 1383992?
8
What is the millions digit of 5171559?
5
What is the thousands digit of 276714?
6
What is the tens digit of 559404?
0
What is the hundred thousands digit of 130004?
1
What is the hundred thousands digit of 364917?
3
What is the units digit of 2026673?
3
What is the thousands digit of 853633?
3
What is the ten thousands digit of 135042?
3
What is the units digit of 2361534?
4
What is the millions digit of 17731950?
7
What is the hundred thousands digit of 193712?
1
What is the units digit of 5297537?
7
What is the millions digit of 2698093?
2
What is the hundreds digit of 7462152?
1
What is the ten thousands digit of 8877135?
7
What is the hundreds digit of 196291?
2
What is the millions digit of 5884531?
5
What is the millions digit of 12399194?
2
What is the ten thousands digit of 185006?
8
What is the thousands digit of 229163?
9
What is the tens digit of 22875357?
5
What is the tens digit of 196410?
1
What is the hundred thousands digit of 423845?
4
What is the ten thousands digit of 311585?
1
What is the ten millions digit of 15008476?
1
What is the hundred thousands digit of 541845?
5
What is the ten thousands digit of 9364299?
6
What is the hundreds digit of 16904210?
2
What is the tens digit of 39672149?
4
What is the hundreds digit of 9915638?
6
What is the thousands digit of 9217915?
7
What is the hundred thousands digit of 2838572?
8
What is the hundred thousands digit of 33800896?
8
What is the units digit of 272159?
9
What is the units digit of 4805422?
2
What is the hundreds digit of 140765?
7
What is the thousands digit of 1046112?
6
What is the thousands digit of 2101987?
1
What is the units digit of 10205117?
7
What is the hundred thousands digit of 259935?
2
What is the ten thousands digit of 114658?
1
What is the ten thousands digit of 2921668?
2
What is the hundreds digit of 37303545?
5
What is the hundreds digit of 761148?
1
What is the tens digit of 13385510?
1
What is the thousands digit of 981301?
1
What is the millions digit of 10116653?
0
What is the thousands digit of 10320558?
0
What is the millions digit of 2961115?
2
What is the units digit of 2041585?
5
What is the millions digit of 1587196?
1
What is the units digit of 4225523?
3
What is the millions digit of 1785086?
1
What is the hundred thousands digit of 1051131?
0
What is the thousands digit of 7991711?
1
What is the hundred thousands digit of 2445197?
4
What is the millions digit of 1273369?
1
What is the tens digit of 33636118?
1
What is the tens digit of 2491135?
3
What is the tens digit of 1334969?
6
What is the tens digit of 3448604?
0
What is the hundred thousands digit of 235634?
2
What is the units digit of 4645835?
5
What is the tens digit of 165490?
9
What is the millions digit of 20010393?
0
What is the tens digit of 69069?
6
What is the units digit of 2052455?
5
What is the tens digit of 286799?
9
What is the units digit of 46660?
0
What is the tens digit of 845670?
7
What is the millions digit of 3281665?
3
What is the tens digit of 228918?
1
What is the millions digit of 9504283?
9
What is the units digit of 815817?
7
What is the ten millions digit of 11602641?
1
What is the units digit of 187069?
9
What is the hundreds digit of 1766491?
4
What is the tens digit of 4035015?
1
What is the hundreds digit of 8029847?
8
What is the ten thousands digit of 17495?
1
What is the units digit of 1338737?
7
What is the tens digit of 283651?
5
What is the millions digit of 1838825?
1
What is the hundreds digit of 180197?
1
What is the units digit of 11466?
6
What is the tens digit of 44382?
8
What is the millions digit of 1344774?
1
What is the units digit of 22776768?
8
What is the ten thousands digit of 266032?
6
What is the units digit of 2587250?
0
What is the hundred thousands digit of 479808?
4
What is the hundreds digit of 22215930?
9
What is the hundred thousands digit of 312716?
3
What is the units digit of 90509